and b.
92
Let t = 186 + -105. What is the highest common factor of 9 and t?
9
Suppose 2*h = -h + x + 49, -h + x = -17. Let i be 1 - 4/(20/185). Let f = i - -60. What is the highest common divisor of f and h?
8
Let y = 45 - -179. Suppose 0 = 4*b - 12*b - 664. Let l = b - -115. Calculate the greatest common factor of y and l.
32
Suppose 15*y - 3*y - 36 = 0. What is the highest common factor of 159 and y?
3
Let g be -12*10/30 - (-19 - 1). What is the highest common factor of g and 136?
8
Let i(n) = n**2 - 13*n + 34. Suppose -7*w + 53 + 31 = 0. Let h be i(w). Calculate the highest common factor of 2 and h.
2
Let m(u) = 3*u - 1 - 4 + 5*u. Let b be (-6)/(-9) - (-13)/3. Let f be m(b). What is the greatest common factor of f and 5?
5
Let q = -18 - -25. Let x = q - 4. Calculate the highest common factor of x and 2.
1
Let b(s) = -s**2 - 6*s - 5. Let q be b(-5). Suppose -65 = -q*r - 5*r. Suppose -r - 17 = -3*i. Calculate the highest common factor of 40 and i.
10
Let f(l) be the third derivative of -l**6/120 - 7*l**5/60 - 3*l**4/8 - 8*l**3/3 + 3*l**2. Let t be f(-8). Calculate the greatest common divisor of 15 and t.
15
Let i(d) = -d**2 - 13*d + 28. Let b be i(-13). What is the highest common factor of 126 and b?
14
Let o = 24 + -10. Suppose 0 = o*p - 5*p - 162. Calculate the highest common divisor of p and 198.
18
Let l = -16 + 38. Suppose 20*c - l*c = -80. Suppose -36 = -4*g + 4. What is the highest common divisor of c and g?
10
Let u(d) = -5 + 11 + 2*d + 19. Let w be u(-11). Suppose -2*g + 7*g + 4*s = 28, w*s = 6. What is the greatest common factor of 36 and g?
4
Let g = 162 - 154. What is the highest common divisor of 120 and g?
8
Suppose -4*z - 4 = 3*j - 0*j, -4*j + 36 = -5*z. Calculate the highest common factor of 10 and j.
2
Let y(q) = q**2 - 2*q + 6*q - 2*q + 0*q - 1. Let l be 0 + 2/1 - 8. Let u be y(l). What is the highest common divisor of 161 and u?
23
Let i be 6*3 - (-1 - 5). What is the highest common divisor of 424 and i?
8
Suppose -104 = -17*p + 14*p + i, -4*i = 20. What is the highest common factor of 253 and p?
11
Let i = 27 - 25. Suppose i*w - 97 - 43 = 0. What is the greatest common factor of w and 28?
14
Let s be (-51)/(-21) + (-24)/(-42). What is the highest common divisor of s and 87?
3
Let o(x) be the second derivative of -1/4*x**4 + 1/6*x**3 - x**2 + 6*x + 1/5*x**5 + 0. Let c be o(2). Calculate the highest common factor of c and 160.
20
Let h(f) = f + 15. Let o be h(-6). Let y(i) = 6 + 9 + i**2 - 1. Let a be y(-7). Calculate the highest common factor of a and o.
9
Let a(m) = m**2 + 2*m - 335. Let q be a(0). Let i = 1003 - q. Suppose 4*k + 8 = 0, 5*g - 3*k - k - i = 0. What is the greatest common divisor of 38 and g?
38
Suppose 77 = 6*v - 43. What is the greatest common divisor of v and 360?
20
Suppose 711 - 81 = 5*d. Calculate the greatest common divisor of d and 21.
21
Let m = 96 + -34. Suppose 775 = 3*v + 2*v. What is the highest common divisor of m and v?
31
Suppose 0 = 9*b + 7*b - 96. Suppose -4*p + 261 = -l, 5*l - 55 = -p + 26. What is the greatest common divisor of p and b?
6
Let v = 51 - 51. Suppose -4*n + 3*m + 19 = v, n - 2*m + 7*m + 1 = 0. Calculate the highest common divisor of n and 4.
4
Suppose -2*c - 4*m + 140 = 0, -4*c + 2*m = m - 235. Let h be (-30)/9*(-11 - 153/45). What is the highest common divisor of c and h?
12
Let t be (-1)/5 - (-199)/(-5). Let o be ((-5)/(-2))/((-50)/t). Suppose -o*i = i - 27. What is the highest common divisor of i and 27?
9
Let m be (-1)/(-2 + (-1 - -2)). Suppose 0 = -4*f + 4, m + 7 = 2*d - 4*f. Suppose -i - 25 = -d*i. Calculate the highest common factor of i and 55.
5
Let h = 12 + -14. Let g = h + 5. Suppose -57 + 3 = -g*a. Calculate the highest common factor of a and 9.
9
Let n be (-6)/4 + -5 + (-414)/(-12). Calculate the greatest common divisor of n and 308.
28
Let g be (38/(-4) + 1)/((-181)/6878). Calculate the highest common factor of g and 57.
19
Let z = 350 - 278. What is the highest common divisor of z and 8?
8
Let m = 591 + -582. Calculate the highest common divisor of m and 153.
9
Suppose 0*v - 9 = -3*k - 4*v, -5*k + 7 = 4*v. Let j be (k + (-33)/(-7))*7. What is the highest common factor of j and 78?
26
Suppose -84*d + 38*d = -19872. What is the highest common factor of d and 27?
27
Let c be 1/1 - 1 - (-7 - -4). Suppose -3*u - 2*u + 20 = 0, 84 = 4*g - c*u. What is the greatest common factor of g and 6?
6
Suppose 117 - 69 = i. What is the greatest common divisor of 12 and i?
12
Let w(t) = -t**3 - 19*t**2 + 27*t - 60. Let k be w(-21). Calculate the greatest common divisor of k and 15.
15
Let k be -1 + 0 - (0 + 109). Let y be 2/6*(k - 1). Let u be (-14)/14 - 1*y. What is the highest common divisor of u and 4?
4
Suppose 3*u + 144 = 4*j - 4, -12 = -3*u. Suppose 2*z - 32 = -2*z. Calculate the highest common factor of z and j.
8
Let k be 2 + 1 + -2 + 13. Let z be 0 + 1 - (-222 + -11 + 7). Let c = -115 + z. What is the greatest common divisor of c and k?
14
Let l(b) = 4*b**3 - 3*b**2 - 4*b + 2. Let s be l(3). Suppose 6*r - 175 = s. Calculate the greatest common divisor of r and 205.
41
Suppose 3*j = 3*o + 2*j - 69, j = -o + 19. Let n(w) = 221*w**2 - 2*w + 1. Let b be n(1). What is the highest common divisor of o and b?
22
Suppose -4*w - 287 + 847 = 0. Let x = -1006 + 1762. Let c be (-10)/3*x/(-45). Calculate the greatest common factor of w and c.
28
Let r be 2/((-1)/(-210)*5). What is the highest common factor of r and 2100?
84
Let y be (-31)/((-310)/(-80)) - (1 + -40). What is the greatest common divisor of 4867 and y?
31
Let s be 1/2*(12 + -4). Let o = 5 + s. Suppose -2*j + 33 = o. What is the highest common divisor of 24 and j?
12
Let x be (80/(-30))/((-2)/21). Suppose 5*l - 3*l = x. Suppose -3*s = -m - m - 292, 2*s + 4*m = 200. What is the highest common factor of l and s?
14
Let a be 408/21 - ((-18)/7 - -2). What is the highest common divisor of a and 220?
20
Let s be ((-816)/(-15))/((-2)/(-15) - 0). Let t = s - 255. Calculate the highest common factor of 17 and t.
17
Let q = 2280 - 2035. Calculate the greatest common divisor of 280 and q.
35
Suppose -4*v + 4*y - 19 = -7*v, 0 = 4*v - 4*y + 12. Suppose -4*d = t - 3 - 6, -7 = 3*t - 5*d. Calculate the greatest common divisor of t and v.
1
Let v = 84 - 60. Suppose -5*f + 2*f - 15 = 0, -4*a = -f - 13. Let m be 1/(-4)*a - 146/(-4). Calculate the greatest common factor of v and m.
12
Let w(k) = 6*k**2 + 4*k + 2. Let v be w(-2). Let x(l) = -2*l + 35. Let m be x(17). Let n be m + 3 - (5 + -127). What is the highest common divisor of n and v?
18
Let l be (-3)/(-2)*132/18. Suppose -3*i + 25 = -w - 3*w, -i + 5*w = -1. Calculate the highest common divisor of l and i.
11
Let i(v) = -88*v**3 + v**2 + 2*v + 1. Let t be i(-1). Suppose 5*g - t = 132. Let j be 2/(g/(-24) - -2). What is the highest common divisor of j and 48?
12
Let s(u) = 4*u + 34. Let i be s(24). Let w = -37 - -63. What is the greatest common divisor of w and i?
26
Let h = 7 - 10. Let l(t) = -8*t + t**2 + t**2 - 8 + 3 + 5*t. Let g be l(h). Calculate the greatest common divisor of 11 and g.
11
Suppose 2*x = -0*x + 30. Suppose 2*p = 5*p + x. Let y be ((-4)/p)/((-3)/(-135)). Calculate the greatest common divisor of 4 and y.
4
Let p(a) = 11*a**3 + 2*a**2 + 2*a + 1. Let i be p(-1). Let z = -8 - i. Let t = 46 + -28. Calculate the greatest common factor of t and z.
2
Let s(k) = 7*k**2 - 23*k + 31. Let l be s(5). Calculate the greatest common factor of l and 325.
13
Suppose 0*q + 16 = 2*q. Suppose -403*d = -401*d - 112. Calculate the highest common divisor of q and d.
8
Let a(b) = b**3 - 10*b**2 + b + 18. Let r be a(10). What is the highest common factor of 70 and r?
14
Suppose -5*h - 421 = 164. Let q = -24 - -261. Let j = q + h. What is the highest common divisor of 48 and j?
24
Suppose 2*i = -18 + 28, -i - 175 = -5*g. What is the greatest common factor of g and 90?
18
Let q be 8 - (-65 - (4 - -2)/(-2)). Calculate the highest common divisor of q and 1925.
35
Suppose -3*p - 5*z = -548, -2*p + z + 273 = -75. Let t = 56 - 34. What is the greatest common factor of p and t?
22
Suppose 3*k = g + 3*g - 19, 0 = -3*g + 4*k + 16. Suppose -g*v + 12 = -v. Calculate the greatest common factor of 32 and v.
4
Let h = 56 + -21. Suppose 4*b + h = 99. Calculate the greatest common factor of b and 4.
4
Le